{"id":1551,"date":"2021-07-03T19:35:18","date_gmt":"2021-07-03T17:35:18","guid":{"rendered":"http:\/\/mockupfr.com\/?page_id=1551"},"modified":"2021-08-23T12:39:29","modified_gmt":"2021-08-23T10:39:29","slug":"mentions-legales","status":"publish","type":"page","link":"https:\/\/mockupfr.com\/index.php\/mentions-legales\/","title":{"rendered":"Mentions l\u00e9gales"},"content":{"rendered":"\n<h2 class=\"wp-block-heading\">IDENTIT\u00c9<\/h2>\n\n\n\n<p>Nom du site web : MOCKUP<br>Adresse : www.mockupfr.com<br>Propri\u00e9taire : Denis FAVRE<br>Responsable de publication : Denis FAVRE<\/p>\n\n\n\n<p>H\u00e9bergement : OVH<\/p>\n\n\n\n<h2 class=\"wp-block-heading\">PERSONNE MORALE <\/h2>\n\n\n\n<p>MOCKUP &#8211; SAS au Capital de 2000\u20ac &#8211; RCS 90085028000018 &#8211; 349 Rue du Petit Train 69860 DEUX GROSNES<br>Email : contact@mockupfr.com<\/p>\n\n\n\n<h2 class=\"wp-block-heading\">CONDITIONS D\u2019UTILISATION<\/h2>\n\n\n\n<p>L\u2019utilisation du pr\u00e9sent site implique l\u2019acceptation pleine et enti\u00e8re des conditions g\u00e9n\u00e9rales d\u2019utilisation d\u00e9crites ci-apr\u00e8s. Ces conditions d\u2019utilisation sont susceptibles d\u2019\u00eatre modifi\u00e9es ou compl\u00e9t\u00e9es \u00e0 tout moment.<\/p>\n\n\n\n<h2 class=\"wp-block-heading\">INFORMATIONS<\/h2>\n\n\n\n<p>Les informations et documents du site sont pr\u00e9sent\u00e9s \u00e0 titre indicatif, n\u2019ont pas de caract\u00e8re exhaustif, et ne peuvent engager la responsabilit\u00e9 du propri\u00e9taire du site.<\/p>\n\n\n\n<p>Le propri\u00e9taire du site ne peut \u00eatre tenu responsable des dommages directs et indirects cons\u00e9cutifs \u00e0 l\u2019acc\u00e8s au site.<\/p>\n\n\n\n<h2 class=\"wp-block-heading\">INTERACTIVIT\u00c9<\/h2>\n\n\n\n<p>Les utilisateurs du site peuvent y d\u00e9poser du contenu, apparaissant sur le site dans des espaces d\u00e9di\u00e9s (notamment via les commentaires). Le contenu d\u00e9pos\u00e9 reste sous la responsabilit\u00e9 de leurs auteurs, qui en assument pleinement l\u2019enti\u00e8re responsabilit\u00e9 juridique.<\/p>\n\n\n\n<p>Le propri\u00e9taire du site se r\u00e9serve n\u00e9anmoins le droit de retirer sans pr\u00e9avis et sans justification tout contenu d\u00e9pos\u00e9 par les utilisateurs qui ne satisferait pas \u00e0 la charte d\u00e9ontologique du site ou \u00e0 la l\u00e9gislation en vigueur.<\/p>\n\n\n\n<h2 class=\"wp-block-heading\">PROPRI\u00c9T\u00c9 INTELLECTUELLE<\/h2>\n\n\n\n<p>Sauf mention contraire, tous les \u00e9l\u00e9ments accessibles sur le site (textes, images, graphismes, logo, ic\u00f4nes, sons, logiciels, etc.) restent la propri\u00e9t\u00e9 exclusive de leurs auteurs, en ce qui concerne les droits de propri\u00e9t\u00e9 intellectuelle ou les droits d\u2019usage.&nbsp;<\/p>\n\n\n\n<p>Toute reproduction, repr\u00e9sentation, modification, publication, adaptation de tout ou partie des \u00e9l\u00e9ments du site, quel que soit le moyen ou le proc\u00e9d\u00e9 utilis\u00e9, est interdite, sauf autorisation \u00e9crite pr\u00e9alable de l\u2019auteur.<\/p>\n\n\n\n<p>Toute exploitation non autoris\u00e9e du site ou de l\u2019un quelconque des \u00e9l\u00e9ments qu\u2019il contient est consid\u00e9r\u00e9e comme constitutive d\u2019une contrefa\u00e7on et poursuivie.&nbsp;<\/p>\n\n\n\n<p>Les marques et logos reproduits sur le site sont d\u00e9pos\u00e9s par les soci\u00e9t\u00e9s qui en sont propri\u00e9taires.<\/p>\n\n\n\n<h2 class=\"wp-block-heading\">LIENS<\/h2>\n\n\n\n<p><strong>Liens sortants<\/strong><br>Le propri\u00e9taire du site d\u00e9cline toute responsabilit\u00e9 et n\u2019est pas engag\u00e9 par le r\u00e9f\u00e9rencement via des liens hypertextes, de ressources tierces pr\u00e9sentes sur le r\u00e9seau Internet, tant en ce qui concerne leur contenu que leur pertinence.<\/p>\n\n\n\n<p><strong>Liens entrants<\/strong><br>Le propri\u00e9taire du site autorise les liens hypertextes vers l\u2019une des pages de ce site, \u00e0 condition que ceux-ci ouvrent une nouvelle fen\u00eatre et soient pr\u00e9sent\u00e9s de mani\u00e8re non \u00e9quivoque afin d\u2019\u00e9viter :<\/p>\n\n\n\n<ul><li>tout risque de confusion entre le site citant et le propri\u00e9taire du site<\/li><li>ainsi que toute pr\u00e9sentation tendancieuse, ou contraire aux lois en vigueur.<\/li><\/ul>\n\n\n\n<p>Le propri\u00e9taire du site se r\u00e9serve le droit de demander la suppression d\u2019un lien s\u2019il estime que le site source ne respecte pas les r\u00e8gles ainsi d\u00e9finies.<\/p>\n\n\n\n<h2 class=\"wp-block-heading\">CONFIDENTIALIT\u00c9<\/h2>\n\n\n\n<p>Tout utilisateur dispose d\u2019un droit d\u2019acc\u00e8s, de rectification et d\u2019opposition aux donn\u00e9es personnelles le concernant, en effectuant sa demande \u00e9crite et sign\u00e9e, accompagn\u00e9e d\u2019une preuve d\u2019identit\u00e9.&nbsp;<\/p>\n\n\n\n<p>Le site ne recueille pas d\u2019informations personnelles, et n\u2019est pas assujetti \u00e0 d\u00e9claration \u00e0 la CNIL.&nbsp;<\/p>\n","protected":false},"excerpt":{"rendered":"<p>IDENTIT\u00c9 Nom du site web : MOCKUPAdresse : www.mockupfr.comPropri\u00e9taire : Denis FAVREResponsable de publication : Denis FAVRE H\u00e9bergement : OVH PERSONNE MORALE MOCKUP &#8211; SAS au Capital de 2000\u20ac &#8211; &#8230;<\/p>\n","protected":false},"author":1,"featured_media":0,"parent":0,"menu_order":0,"comment_status":"closed","ping_status":"closed","template":"template-fullwidth.php","meta":[],"yoast_head":"<!-- This site is optimized with the Yoast SEO plugin v20.2.1 - https:\/\/yoast.com\/wordpress\/plugins\/seo\/ -->\n<title>Mentions l\u00e9gales - MOCKUP<\/title>\n<meta name=\"description\" content=\"Mentions l\u00e9gales MOCKUP Parlons de vos magasins.\" \/>\n<meta name=\"robots\" content=\"noindex, follow\" \/>\n<meta property=\"og:locale\" content=\"fr_FR\" \/>\n<meta property=\"og:type\" content=\"article\" \/>\n<meta property=\"og:title\" content=\"Mentions l\u00e9gales - MOCKUP\" \/>\n<meta property=\"og:description\" content=\"Mentions l\u00e9gales MOCKUP Parlons de vos magasins.\" \/>\n<meta property=\"og:url\" content=\"https:\/\/mockupfr.com\/index.php\/mentions-legales\/\" \/>\n<meta property=\"og:site_name\" content=\"MOCKUP\" \/>\n<meta property=\"article:modified_time\" content=\"2021-08-23T10:39:29+00:00\" \/>\n<meta name=\"twitter:card\" content=\"summary_large_image\" \/>\n<meta name=\"twitter:label1\" content=\"Dur\u00e9e de lecture estim\u00e9e\" \/>\n\t<meta name=\"twitter:data1\" content=\"3 minutes\" \/>\n<script type=\"application\/ld+json\" class=\"yoast-schema-graph\">{\"@context\":\"https:\/\/schema.org\",\"@graph\":[{\"@type\":\"WebPage\",\"@id\":\"https:\/\/mockupfr.com\/index.php\/mentions-legales\/\",\"url\":\"https:\/\/mockupfr.com\/index.php\/mentions-legales\/\",\"name\":\"Mentions l\u00e9gales - MOCKUP\",\"isPartOf\":{\"@id\":\"https:\/\/mockupfr.com\/#website\"},\"datePublished\":\"2021-07-03T17:35:18+00:00\",\"dateModified\":\"2021-08-23T10:39:29+00:00\",\"description\":\"Mentions l\u00e9gales MOCKUP Parlons de vos magasins.\",\"breadcrumb\":{\"@id\":\"https:\/\/mockupfr.com\/index.php\/mentions-legales\/#breadcrumb\"},\"inLanguage\":\"fr-FR\",\"potentialAction\":[{\"@type\":\"ReadAction\",\"target\":[\"https:\/\/mockupfr.com\/index.php\/mentions-legales\/\"]}]},{\"@type\":\"BreadcrumbList\",\"@id\":\"https:\/\/mockupfr.com\/index.php\/mentions-legales\/#breadcrumb\",\"itemListElement\":[{\"@type\":\"ListItem\",\"position\":1,\"name\":\"Accueil\",\"item\":\"https:\/\/mockupfr.com\/\"},{\"@type\":\"ListItem\",\"position\":2,\"name\":\"Mentions l\u00e9gales\"}]},{\"@type\":\"WebSite\",\"@id\":\"https:\/\/mockupfr.com\/#website\",\"url\":\"https:\/\/mockupfr.com\/\",\"name\":\"MOCKUP\",\"description\":\"Parlons Retail\",\"publisher\":{\"@id\":\"https:\/\/mockupfr.com\/#organization\"},\"potentialAction\":[{\"@type\":\"SearchAction\",\"target\":{\"@type\":\"EntryPoint\",\"urlTemplate\":\"https:\/\/mockupfr.com\/?s={search_term_string}\"},\"query-input\":\"required name=search_term_string\"}],\"inLanguage\":\"fr-FR\"},{\"@type\":\"Organization\",\"@id\":\"https:\/\/mockupfr.com\/#organization\",\"name\":\"MOCKUP\",\"url\":\"https:\/\/mockupfr.com\/\",\"logo\":{\"@type\":\"ImageObject\",\"inLanguage\":\"fr-FR\",\"@id\":\"https:\/\/mockupfr.com\/#\/schema\/logo\/image\/\",\"url\":\"https:\/\/mockupfr.com\/wp-content\/uploads\/2021\/07\/cropped-Logo-mockup-horizontal-noir-bleu-1.png\",\"contentUrl\":\"https:\/\/mockupfr.com\/wp-content\/uploads\/2021\/07\/cropped-Logo-mockup-horizontal-noir-bleu-1.png\",\"width\":625,\"height\":131,\"caption\":\"MOCKUP\"},\"image\":{\"@id\":\"https:\/\/mockupfr.com\/#\/schema\/logo\/image\/\"},\"sameAs\":[\"https:\/\/www.linkedin.com\/company\/mockup-retail\/\"]}]}<\/script>\n<!-- \/ Yoast SEO plugin. -->","yoast_head_json":{"title":"Mentions l\u00e9gales - MOCKUP","description":"Mentions l\u00e9gales MOCKUP Parlons de vos magasins.","robots":{"index":"noindex","follow":"follow"},"og_locale":"fr_FR","og_type":"article","og_title":"Mentions l\u00e9gales - MOCKUP","og_description":"Mentions l\u00e9gales MOCKUP Parlons de vos magasins.","og_url":"https:\/\/mockupfr.com\/index.php\/mentions-legales\/","og_site_name":"MOCKUP","article_modified_time":"2021-08-23T10:39:29+00:00","twitter_card":"summary_large_image","twitter_misc":{"Dur\u00e9e de lecture estim\u00e9e":"3 minutes"},"schema":{"@context":"https:\/\/schema.org","@graph":[{"@type":"WebPage","@id":"https:\/\/mockupfr.com\/index.php\/mentions-legales\/","url":"https:\/\/mockupfr.com\/index.php\/mentions-legales\/","name":"Mentions l\u00e9gales - MOCKUP","isPartOf":{"@id":"https:\/\/mockupfr.com\/#website"},"datePublished":"2021-07-03T17:35:18+00:00","dateModified":"2021-08-23T10:39:29+00:00","description":"Mentions l\u00e9gales MOCKUP Parlons de vos magasins.","breadcrumb":{"@id":"https:\/\/mockupfr.com\/index.php\/mentions-legales\/#breadcrumb"},"inLanguage":"fr-FR","potentialAction":[{"@type":"ReadAction","target":["https:\/\/mockupfr.com\/index.php\/mentions-legales\/"]}]},{"@type":"BreadcrumbList","@id":"https:\/\/mockupfr.com\/index.php\/mentions-legales\/#breadcrumb","itemListElement":[{"@type":"ListItem","position":1,"name":"Accueil","item":"https:\/\/mockupfr.com\/"},{"@type":"ListItem","position":2,"name":"Mentions l\u00e9gales"}]},{"@type":"WebSite","@id":"https:\/\/mockupfr.com\/#website","url":"https:\/\/mockupfr.com\/","name":"MOCKUP","description":"Parlons Retail","publisher":{"@id":"https:\/\/mockupfr.com\/#organization"},"potentialAction":[{"@type":"SearchAction","target":{"@type":"EntryPoint","urlTemplate":"https:\/\/mockupfr.com\/?s={search_term_string}"},"query-input":"required name=search_term_string"}],"inLanguage":"fr-FR"},{"@type":"Organization","@id":"https:\/\/mockupfr.com\/#organization","name":"MOCKUP","url":"https:\/\/mockupfr.com\/","logo":{"@type":"ImageObject","inLanguage":"fr-FR","@id":"https:\/\/mockupfr.com\/#\/schema\/logo\/image\/","url":"https:\/\/mockupfr.com\/wp-content\/uploads\/2021\/07\/cropped-Logo-mockup-horizontal-noir-bleu-1.png","contentUrl":"https:\/\/mockupfr.com\/wp-content\/uploads\/2021\/07\/cropped-Logo-mockup-horizontal-noir-bleu-1.png","width":625,"height":131,"caption":"MOCKUP"},"image":{"@id":"https:\/\/mockupfr.com\/#\/schema\/logo\/image\/"},"sameAs":["https:\/\/www.linkedin.com\/company\/mockup-retail\/"]}]}},"_links":{"self":[{"href":"https:\/\/mockupfr.com\/index.php\/wp-json\/wp\/v2\/pages\/1551"}],"collection":[{"href":"https:\/\/mockupfr.com\/index.php\/wp-json\/wp\/v2\/pages"}],"about":[{"href":"https:\/\/mockupfr.com\/index.php\/wp-json\/wp\/v2\/types\/page"}],"author":[{"embeddable":true,"href":"https:\/\/mockupfr.com\/index.php\/wp-json\/wp\/v2\/users\/1"}],"replies":[{"embeddable":true,"href":"https:\/\/mockupfr.com\/index.php\/wp-json\/wp\/v2\/comments?post=1551"}],"version-history":[{"count":8,"href":"https:\/\/mockupfr.com\/index.php\/wp-json\/wp\/v2\/pages\/1551\/revisions"}],"predecessor-version":[{"id":1627,"href":"https:\/\/mockupfr.com\/index.php\/wp-json\/wp\/v2\/pages\/1551\/revisions\/1627"}],"wp:attachment":[{"href":"https:\/\/mockupfr.com\/index.php\/wp-json\/wp\/v2\/media?parent=1551"}],"curies":[{"name":"wp","href":"https:\/\/api.w.org\/{rel}","templated":true}]}}